= y*w + 36. Is w composite?
False
Suppose -5*f - 45 = -0*f. Is 277/9 - 2/f composite?
False
Let q(i) = -159*i - 15. Is q(-12) a prime number?
False
Suppose 3 - 6 = -o. Suppose -2*f - 2*f = -5*u + 265, f = o*u - 159. Is u a prime number?
True
Suppose 3*k - 15 = -3*n - k, 5 = n - 5*k. Let b = n + -3. Suppose -v = 3*p + b*v - 237, -2*v - 395 = -5*p. Is p a composite number?
False
Let i(j) = j**2 + 4*j - 9. Let w = 3 - -5. Is i(w) composite?
True
Let k(t) = t**2 - 4*t - 1. Let s be (-2)/(-2) + 3 + -12. Is k(s) a composite number?
True
Let w be (2/4)/(7/28). Suppose -6*c = -w*c - 508. Is c prime?
True
Let n = -215 + 1150. Suppose -4*y = -0*x + 5*x - 945, -5*x - 2*y = -n. Suppose -4*h - h + x = 0. Is h a composite number?
False
Is 889 - (2/1 - (6 + 0)) a composite number?
True
Suppose 0 = 4*k - 8 - 4. Let v(w) = 8*w - 3. Let d be v(k). Is (88/(-12))/((-2)/d) a prime number?
False
Let k be 40/6 - (-8)/(-12). Suppose k*l = 4*l + 266. Is l a prime number?
False
Let r(v) = -v**2 - 10*v - 11. Let g be r(-8). Suppose 2*x = -2*k + 567 - 19, -x + g*k + 268 = 0. Suppose -q - 2*q + x = 0. Is q prime?
False
Let y = -28 - -20. Suppose 32 = 3*x - 5*x. Is (-108)/x - 2/y a prime number?
True
Suppose 4*x = 4*g - 4, 0*x + 5*g + 37 = -2*x. Is ((-8)/x)/(6/117) a prime number?
False
Let f(d) be the third derivative of -d**6/120 + d**5/15 - d**4/24 - d**3/2 + d**2. Let t be f(3). Is 235/t - (-6)/9 composite?
False
Suppose 5*c + 164 = -5*q + 639, -3*q = -5*c - 253. Is q a prime number?
False
Suppose -4*i + 24 = -6*i. Is (-1576)/i - 1/3 prime?
True
Suppose -21*n = -7*n - 51982. Is n a composite number?
True
Suppose 0 = -5*q + q + 4*b - 4, 5*b = -2*q + 19. Let s(c) = -4*c**3 + 2*c**q - c**2 + 6*c**2 - 6*c + 5*c**3 - 5. Is s(-4) a prime number?
True
Let y(p) = 5*p**2 + 2*p - 20. Is y(9) a composite number?
True
Is (-70062)/(-24) - (-1)/(-4) - -4 a prime number?
False
Is (2*(6 - 7))/(4/(-2174)) composite?
False
Let z = 120 - 71. Let c = 66 - -4. Let l = c - z. Is l a composite number?
True
Suppose z + z + 140 = 0. Let o = 131 + z. Let c = o - 40. Is c composite?
True
Let k(b) be the second derivative of -7/2*b**2 + 0 - 2*b - 7/6*b**3. Is k(-8) a composite number?
True
Let o be (5/1)/((-3)/3). Let x = o + 14. Is x a prime number?
False
Let r(n) = 2*n + 2. Let x be r(-3). Let q be (63 - 0)/(x/12). Let p = q - -272. Is p a composite number?
False
Let t(d) = -d**2 + 3*d - 6. Suppose 0 = 5*f - 21 + 1. Let v be t(f). Is (-4)/v - 383/(-5) a prime number?
False
Let o(y) = -24*y + 4. Let q be o(3). Let h = -31 - q. Is h prime?
True
Let b = 990 + 241. Is b composite?
False
Let x be ((-8)/14)/((-3)/21). Suppose x*z - 42 = 106. Is z a prime number?
True
Is 2/(4/596*2) composite?
False
Let o be (-86)/6*(-3 - -6). Let g = 68 - o. Is g/(-2 + -1)*-1 a composite number?
False
Suppose 0 = 5*n - 473 - 227. Is ((-3)/4)/((-7)/n) composite?
True
Suppose 7*g - 2*t = 4*g + 19, -5*t - 16 = 3*g. Suppose u - p = g*p + 153, 4*p = -5*u + 693. Is (1 - 1) + u*1 composite?
True
Suppose 0 = 2*b + 4, 0*f - f + 48 = -5*b. Is f - (-3 - (-6)/3) a prime number?
False
Suppose 0 = -21*w + 17*w + 460. Is w composite?
True
Let h(w) = 3*w + 4*w**2 + 7*w**3 - 4*w**2 + 20 - 3*w**2 - 15*w. Let f(j) = -2*j**3 + j**2 + 4*j - 7. Let d(u) = 8*f(u) + 3*h(u). Is d(3) a composite number?
True
Is ((-16)/(-4) - 7)*(-3607)/3 prime?
True
Let m(v) = 3*v**3 - 7*v + 35. Is m(9) a prime number?
False
Let a be 8 - ((-2)/(-2) + 2). Suppose a*s - 955 = -0*s. Is s a prime number?
True
Suppose -2*f = -h + 7 + 1, -4*h + f - 3 = 0. Let z(s) = 23*s**2 - 4*s - 5. Is z(h) a composite number?
True
Suppose -5*g + 3*c = -769, -2*g - 2*g = 4*c - 628. Is g composite?
True
Let z(c) = -c**3 - c**2 + 6. Let l = 2 + -2. Let a be z(l). Let s = 8 + a. Is s a prime number?
False
Let t be 4/(-18) - (-2426)/(-18). Is (t/(-12) - 2)*4 composite?
False
Suppose 0 = -3*t - 0*t - 45. Let j be 176/3 - (-10)/t. Suppose -4*y = -34 - j. Is y a composite number?
False
Let x(j) = 80*j - 3. Let p be x(3). Suppose -k + p = 2*k. Is k composite?
False
Let b = 142 - 63. Is b prime?
True
Let o(y) = -56*y + 13. Is o(-5) composite?
False
Let n be 3*13*(-3)/9. Let s = 9 + n. Is ((-150)/(-12))/((-2)/s) prime?
False
Is 3012/(-4)*(-2)/6 composite?
False
Let t(h) be the third derivative of -h**6/120 - h**5/24 - h**4/8 + 2*h**2. Let i(a) be the second derivative of t(a). Is i(-7) a composite number?
False
Let a be -1 - -4 - 0/1. Let p be 637 - (4 + (4 - 6)). Suppose 0*n + 2*y = a*n - 381, 5*n + 2*y - p = 0. Is n a prime number?
True
Suppose 42 = 5*x - 2*x. Let i = x + 251. Is i prime?
False
Let b be 1*(-3 + 0 - -6). Let z(h) = 0 + 5*h**2 - 1 + b*h - 6*h - 4*h**2. Is z(-7) prime?
False
Suppose 185 = 2*v + 3*v. Is v a composite number?
False
Suppose 0 = -5*s + 124 - 1079. Let z = -28 - s. Is z a composite number?
False
Suppose -5*f + 3*f = 92. Let s be ((-4)/(-6))/(2/3). Let c = s - f. Is c prime?
True
Let j = -287 - -700. Let r = j + -294. Is r a prime number?
False
Suppose -5*o = 15, 3*i - 46 - 110 = 5*o. Is i composite?
False
Let i = 9 + -12. Let d = i - -92. Is d composite?
False
Let v(t) = 520*t - 11. Is v(16) prime?
False
Let x(z) = -z**3 + 8*z**2 + 11. Let k be x(-8). Suppose 220 - k = -5*n. Is n a composite number?
False
Let q = -642 + 929. Is q prime?
False
Let d(i) = i + 4. Let z be d(6). Let s = z - -28. Is s prime?
False
Suppose 0 = 3*h - m - 5536, 4*m + 948 = h - 879. Is h a prime number?
True
Let q = 2997 + -842. Is q prime?
False
Let n = 13 - 8. Suppose 4 = 2*d + 2*g, 2*d + n*g + 1 = 8. Is d/(67/33 + -2) prime?
False
Let w(s) = -s - 3. Let q be w(-5). Suppose 0 = u + q*u + 4*f - 127, 0 = -u + 2*f + 29. Is u composite?
False
Let j(u) = -28*u + 1 - 43*u - 4*u - 4. Let z be j(-2). Let s = -16 + z. Is s composite?
False
Let d(o) be the second derivative of 16*o**5/15 - o**4/24 - 2*o**3/3 + 5*o. Let q(w) be the second derivative of d(w). Is q(1) a prime number?
True
Let o = 10907 + -7144. Is o a prime number?
False
Let g = 6 - 2. Suppose 2*o = n - 8, 0*o = -o - n - g. Let x(w) = -5*w - 6. Is x(o) composite?
True
Let h be (-3 - -4)/(3/15). Suppose 2*l = 4*s + 118, -4*s - 19 = -h*l + 276. Is l a composite number?
False
Suppose -5*y + 468 + 4532 = 0. Suppose -7*b = -y + 111. Is b prime?
True
Suppose 633 + 70 = t. Is t composite?
True
Let a(g) = -g**2 + 17*g + 5. Is a(8) a prime number?
False
Let h(g) be the second derivative of -g**4/12 + 2*g**3/3 + 2*g**2 - 4*g. Let a be h(4). Suppose 1145 = a*d - 731. Is d a prime number?
False
Let r = 933 - -238. Is r prime?
True
Let p be (-1)/(2 - 24603/12300). Suppose -a = 4*i - p, -3*i + 2*a - a + 3075 = 0. Suppose 5*n + 5*c - i = -0*n, -n + 4*c + 195 = 0. Is n a composite number?
True
Is -1 + 5 + (0 - -1003) a composite number?
True
Let p(x) = -x**2 - 12*x + 2*x**2 + 13 - 2*x + 4*x. Is p(10) composite?
False
Suppose 0 = -o + 5*o - 8. Suppose 0*k + o*k = 12. Is ((-561)/k)/(1/(-2)) composite?
True
Let v(t) = 3 - t - 9 + 4 + 4. Is v(-11) a composite number?
False
Let y(d) = 36*d**2 - 4*d - 3. Is y(-2) prime?
True
Suppose 0*g - 12 = -2*g. Is (g/(-4))/((-3)/20) a composite number?
True
Suppose -3*p + 2*m + 863 = 0, p + 4*m - 1124 = -3*p. Suppose -r - 2*r = -p. Is r composite?
True
Let j(h) = -h**3 - 5*h**2 + 5*h + 3. Is j(-8) a prime number?
False
Let b = -4 - -7. Suppose 0 = b*u + 2*u - 185. Is u a composite number?
False
Let i(l) = -l**2 - l + 25. Suppose 6*k - 2*k - 4 = 0. Suppose -4*s = 3*f + 4, 0 = -4*f + 3*s - 2*s + k. Is i(f) composite?
True
Let q(s) = -s**2 + 3*s + 1. Let t(c) = -5*c**2 + 13*c + 3. Let a(y) = -9*q(y) + 2*t(y). Let r be a(0). Is 1 - r - 2/1 a composite number?
False
Let c be (-3)/(-12) - 2283/12. Let a = 413 + c. Is a a composite number?
False
Suppose f = -3*f. Is -1 + 173 + -3 + f a prime number?
False
Suppose -4*g + 1255 = g. Is g composite?
False
Let p(w) = 7*w**3 - 9*w**2 + 4*w - 7. Let m(k) = k**3 - k**2 + k. Let h(o) = -6*m(o) + p(o). Is h(6) a prime number?
True
Let n(a) = 2*a - 4. Let u(z) = -z**2 - 1. Let i(w) = -n(w) + u(w). Let m be i(-3). Is 1/(m - 3/(-57)) a prime number?
True
Is 1072 + (-1 + -3)/(-4) a composite number?
True
Suppose -3*d - d + 2*k = -330, 5*d - 395 = -k. Suppose 2*u = d + 58. Suppose -2*m - u = -5*m. Is m prime?
True
Let u = -816 - -1153. Is u composite?
False
Suppose -2*v - 3*g = -24